 3*z = -i + 64. List the prime factors of z.
3, 7
Suppose -8*w + 17304 = 13*w. What are the prime factors of w?
2, 103
Let d = 679 + 62. What are the prime factors of d?
3, 13, 19
Let h = -53 - -867. List the prime factors of h.
2, 11, 37
List the prime factors of (-440)/210 + (-10)/(-105) + 757.
5, 151
Let p(a) = -4 - 12*a + 0 + 1 - a**2. Suppose t + 51 = -5*x, -4*t - 5 = t. List the prime factors of p(x).
17
Let v(y) be the first derivative of y**3/3 - 13*y**2/2 + 3*y + 16. List the prime factors of v(13).
3
Suppose 14*m - 4*m = 1380. Suppose -m*r + 738 = -135*r. What are the prime factors of r?
2, 3, 41
Let u(w) = 2*w**2 + 10*w - 9. Let n be u(6). Suppose 2*k = k + 5. Suppose 2*i - n = -3*i - 3*p, -5*p = k*i - 115. What are the prime factors of i?
3
Let u = 1 - 1. Let i be 41/1 - (-3 + 11 + -3). Suppose n - i = -u*n. List the prime factors of n.
2, 3
Let m(a) = -a**2 + a + 3. Let n be m(0). Let i(o) = -o + 1. Let p be i(-5). List the prime factors of (6 + n)/(p/20).
2, 3, 5
Let b be (-1407)/(-35)*(3 - -2). Let s = 23 + b. List the prime factors of s.
2, 7
Suppose -837 = -10*b + 803. Let w = b + -114. List the prime factors of w.
2, 5
Let c be 1 + ((-11)/(-4) - (-3)/12). Suppose c*j - 442 = 250. What are the prime factors of j?
173
Let g be ((-86)/(-12))/((-12)/(-72)). Suppose -4*r + r - 3*l = -129, 0 = r + 5*l - g. What are the prime factors of r?
43
Let i = -16 + 30. Let y = 25 - i. What are the prime factors of y?
11
Let a(n) = -16*n + 490. List the prime factors of a(23).
2, 61
Let p = 83 + 192. What are the prime factors of p?
5, 11
Let j(o) = 6*o - 20. Let d be j(10). Suppose -2*z = -3*l - d, -2*l - l - 100 = -5*z. List the prime factors of z.
2, 5
Let h(c) = 5*c**3 - 3*c**2 + 8*c - 8. What are the prime factors of h(3)?
2, 31
Let y be (-80)/(-44)*1 - 4/(-22). Let w(f) = -2*f**2 + 3*f + 3. Let n be w(4). Let i = y - n. What are the prime factors of i?
19
Let n be 561 + -3 + 2 + 1*-2. Suppose p + n = 10*p. List the prime factors of p.
2, 31
Let u(a) = 6*a**3 + 14*a**2 - 20*a - 16. What are the prime factors of u(3)?
2, 53
Let h be (816/84)/(4/14). Let c = h + -26. Suppose -c*y + 45 = -7*y. What are the prime factors of y?
3, 5
Let u = 258 - 70. What are the prime factors of (3 + u/(-20))/(4/(-130))?
2, 13
Suppose -v + 3*d + 16 = 0, -4*v = d - 2*d - 20. Let p = v + -2. List the prime factors of (1 + p)/(3/33).
3, 11
Let v be 30*((-4)/(-12) + -1). Let x = -28 - v. What are the prime factors of (-78)/(-8) + (-2)/x?
2, 5
Let n be 1*-2*9/6. Let v = 8 + n. Suppose -108 = -v*m + 27. What are the prime factors of m?
3
Suppose 0 = -3*f + 4*i + 2, -3*f - 2*i - 2*i + 34 = 0. Suppose 0 = -f*a + 4*a - 18. List the prime factors of 58/6 + a/(-27).
2, 5
Let t = 4809 + -465. What are the prime factors of t?
2, 3, 181
Suppose 4956 = -12*z + 14*z + 2*r, 2*r - 2479 = -z. List the prime factors of z.
2477
Suppose 26*i - 16399 = 345. List the prime factors of i.
2, 7, 23
Let h(l) = -377*l - 314. List the prime factors of h(-6).
2, 487
Let k(d) = -d**3 + 4*d**2 + 8*d - 7. Let f be k(5). Suppose 5*g - 169 = -29. Let y = g - f. What are the prime factors of y?
2, 5
Let w(g) = g**2 - 24*g + 87. List the prime factors of w(-32).
1879
Let x = 1256 + -260. What are the prime factors of x?
2, 3, 83
Let b(a) = -2*a**2 + 3*a - 7. Let o be b(4). Let k = -24 - o. Suppose -3*d - 60 + 22 = -j, -4*j - k*d = -152. What are the prime factors of j?
2, 19
Suppose -4*l + l - 9 = 0, 4*v - 3*l - 945 = 0. Let u = -20 + v. What are the prime factors of u?
2, 107
Suppose -n + 45 = 2*n. Let x = 128 + n. What are the prime factors of x?
11, 13
Let v(p) = p - 5 - 5*p + 31*p**2 + 0*p - 2*p. List the prime factors of v(-1).
2
Let m(b) = -b**3 + 30*b**2 + 8*b - 127. List the prime factors of m(24).
7, 503
Let p be -1 + (-7 + 1)/(-2). Suppose 5*c + 21 = 5*g - 14, p*g - 12 = c. Suppose u + 3*u + 126 = g*r, 2*r - 48 = u. List the prime factors of r.
2, 11
Suppose -t + 9 = -4*y + 1, -4*y + 5*t - 8 = 0. List the prime factors of 101 - 0*(5/y + 2).
101
Let i = 21 - 19. Let y = 5 - i. Suppose 2*g + 3*m - 18 = 0, -5*m + y*m + 27 = 3*g. List the prime factors of g.
3
Suppose -1 = 5*h - 16. Suppose -4*a = -h*r - 683, -2*r - 179 - 680 = -5*a. What are the prime factors of a?
173
Suppose -27*x - 1394 = -72107. What are the prime factors of x?
3, 97
Let c(s) = 188*s + 14. List the prime factors of c(2).
2, 3, 5, 13
Let w(t) = -139*t**3 + 20*t**2 + 3*t - 17. Let d(z) = -46*z**3 + 7*z**2 + z - 6. Let y(a) = -17*d(a) + 6*w(a). List the prime factors of y(-1).
2, 13
Suppose -2366 = -5*z + 2*s, 2*z + 1898 = 6*z + s. What are the prime factors of z?
2, 3, 79
Let i(z) = -3*z**3 - 2*z**2 - 1. Let f be i(-2). Let q be -5*-1*72/f. List the prime factors of (-4 - (1 - 3)) + q.
2, 11
List the prime factors of (0 + 3)*3/(-9)*-3639.
3, 1213
Let x = -9 - -7. Let k = -12 + x. What are the prime factors of (-8)/6*(k + -1)?
2, 5
Let t(j) = -2*j**2 - 5*j + 5. Let h(m) = -m**2 - 5*m + 6. Let v(b) = 3*h(b) - 2*t(b). Let d be v(8). Let o = -25 + d. List the prime factors of o.
7
Suppose 74 = 5*p - t, 2*t = 5*p + 4*t - 62. Let s = p - 12. Suppose -o = 4*x - 119, 2*o + 3*o - 73 = -s*x. What are the prime factors of x?
29
Let o(m) = -2*m - 21. Let s be o(-13). Let w = 140 - 76. Suppose -s*d = 25, -6*h + 3*h = -2*d - w. What are the prime factors of h?
2, 3
Suppose -9*z + 1107 - 126 = 0. Let i = 9 + z. List the prime factors of i.
2, 59
Let b be (-13)/26 + (-5)/(-2). Let w be ((-2)/(-6))/(b/84). List the prime factors of (-2)/3 - w/(-3).
2
Suppose 15 = -0*t + 5*t. Suppose -18 = -t*h - 5*y, 4*y = -2*h + 5*h + 9. What are the prime factors of 7 - (1 - h) - -3?
2, 5
What are the prime factors of 33/((-528)/(-7136)) + (-4 - 1)?
3, 7
Let o be (0 - 0)*(1 - 0). Suppose o*m = m - 2. Suppose -3*s - m*g + 74 = 0, -s - 4*g = -4 - 4. List the prime factors of s.
2, 7
Let d = -1022 - -2329. What are the prime factors of d?
1307
Let l(s) be the third derivative of s**4/24 + 5*s**3/3 + 2*s**2. Suppose -5*y - 10 + 71 = -2*z, -5*y = 2*z - 49. List the prime factors of l(y).
3, 7
Suppose 0*y - y = 6. Suppose 0 = 5*l + d + 50, -5*l + 4*l - d = 14. Let g = y - l. List the prime factors of g.
3
Suppose 2*a - a - 11 = 2*y, 2*y = -a - 9. Let d be 404/16 - a/4. Let q = d + -6. What are the prime factors of q?
19
Let t = 33 + -33. Suppose -2*u + t = -6, g = -3*u + 29. What are the prime factors of g?
2, 5
Let g = -623 - -1911. What are the prime factors of g?
2, 7, 23
Suppose -j = -0*j - 5. Suppose 0*p = j*w + 3*p - 1016, p = w - 208. List the prime factors of w.
5, 41
Let m be (-4)/(7 + -3) - -1. Suppose m = -5*u - 184 + 34. Let c = 50 + u. What are the prime factors of c?
2, 5
Let t(x) be the third derivative of 3*x**5/20 - x**4/12 + x**3/3 + x**2. Let a = -14 + 15. List the prime factors of t(a).
3
Let a be 42/10 + (-10)/50. Suppose -p = -2*f + 3*p + 12, a = -2*p. List the prime factors of f + (-5)/(-2)*20.
2, 13
Suppose -2*w = -7*w + 235. Let l = w + -39. What are the prime factors of l?
2
Suppose 7516 - 76117 = -39*s. What are the prime factors of s?
1759
Suppose 74*t - 73*t - 143 = 0. What are the prime factors of t?
11, 13
Suppose n = 6*n - j - 745, 4*j = -20. What are the prime factors of n?
2, 37
Suppose 0 = -8*u + 3*u + 20. Let s be 6/3 - u - -19. Suppose -4*m + s = f, -5*f + 0*f + 63 = -2*m. List the prime factors of f.
13
Suppose -12*l + 8 + 76 = 0. Let c(d) = 6*d + 8. What are the prime factors of c(l)?
2, 5
Suppose 4*d - 7246 = -3*k, -3*d + 1905 = -5*k - 3544. What are the prime factors of d?
7, 37
Suppose 3*u + 4*l - 1370 = u, l + 2069 = 3*u. What are the prime factors of u?
13, 53
Suppose 0 = -17*m + 10639 + 17275. What are the prime factors of m?
2, 821
Suppose -h - 3*h = 416. Let a = 190 + h. Let v = a + -31. List the prime factors of v.
5, 11
Let l = -1206 + 1954. Let m = l - 465. Suppose m = 5*d + 58. What are the prime factors of d?
3, 5
Let x = -126 - -115. List the prime factors of x/((-396)/(-8)) + (-238)/(-18).
13
Suppose 0 = -r - 6*r + 63. What are the prime factors of 3/r*3*87?
3, 29
Let v(c) = 6*c**2 + 3*c. Let h(t) be the second derivative of -t**4/3 - t**3/3 + 5*t. Let j(s) = -8*h(s) - 5*v(s). What are the prime factors of j(-2)?
2, 3
Let a(l) = -l**3 + l**2 + l. Let n(m) = -2*m**3 + 7*m**2 - 4. Let b(r) = -3*a(r) +